h is divided by s.
2
Let a = 52 - 40. Suppose -70 - 25 = -5*m. Calculate the remainder when m is divided by a.
7
Let o(k) = -16*k - 24. Calculate the remainder when o(-6) is divided by 38.
34
Let m = 12 - 4. Let t(w) = w**2 - 8*w + 5. What is the remainder when t(m) is divided by 6 + -5 - (-6)/3?
2
Let c(x) = x + 15. Let o(q) = -1. Let t(b) = c(b) + 3*o(b). What is the remainder when 19 is divided by t(-5)?
5
Suppose 19*t - 51 = 177. Let z(x) = -16*x + 2. Let d be z(-3). Let p = -27 + d. Calculate the remainder when p is divided by t.
11
Suppose -1 = -j - 13. Let s = j - -27. Calculate the remainder when 29 is divided by s.
14
Let t be (-1)/(2/(-4)) - -3. Let a = t + 11. What is the remainder when a is divided by (2/5 + -1)*-15?
7
Suppose -138*u + 22 = -136*u. Calculate the remainder when 20 is divided by u.
9
Suppose -b = b - 4*m, -2*b + 10 = m. What is the remainder when (-2)/(-2) + 4/b is divided by -1 + 4 + (0 - 2)?
0
Let r = 31 - -40. Calculate the remainder when r is divided by 12.
11
Let o(s) = -20*s**3 - 2*s**2 - 2 + 3*s**3 + 3. What is the remainder when o(-1) is divided by 6?
4
Suppose -3*d + 4 = -182. What is the remainder when d is divided by 16?
14
Let h(n) = 3*n**2 + 9*n + 3. What is the remainder when h(-7) is divided by 15?
12
Let u = -115 + 224. Calculate the remainder when u is divided by 22.
21
Suppose w = -w + 6. Suppose 16 = 2*l - w*c, -2*l + 3*l + c - 3 = 0. Suppose l + 3 = u. What is the remainder when 30 is divided by u?
6
Let b(u) = u**3 + 4*u**2 - 5*u - 1. Let q(w) = 0 - w - 1 + 2*w - 3. Let d be q(0). Calculate the remainder when b(d) is divided by 10.
9
Let x = 0 - -19. Calculate the remainder when 36 is divided by x.
17
Suppose -5 = -2*x + 2*y + 5, 0 = 3*x - 5*y - 25. Let b = x - 0. Suppose -2*k + 0*k + 26 = b. Calculate the remainder when 37 is divided by k.
11
Let z(w) = w**3 - 2*w**2 - 2*w + 9. Calculate the remainder when 98 is divided by z(4).
32
Let j = 93 - -17. Calculate the remainder when j is divided by 19.
15
Let u be ((-36)/30)/((-4)/10). Suppose -40 = 2*b - 7*b - 3*y, 0 = u*y - 15. What is the remainder when 9 is divided by b?
4
Let t(n) = -n**3 - 4*n**2 - n - 3. Let y = 3 - 8. What is the remainder when t(y) is divided by 14?
13
Let w(h) = 5*h - 27. What is the remainder when w(19) is divided by 35?
33
What is the remainder when 4/14 - 3665/(-35) is divided by 27?
24
Suppose 2*j - 1 = 4*j + 3*i, -23 = -5*j + i. What is the remainder when (-2)/7 + 552/21 is divided by 3/j - (-33)/4?
8
What is the remainder when 3*(119/15 + (-21)/35) is divided by 12?
10
Suppose 5*d = d + 2*p + 4, p = 2. Suppose d*x + 4 = x. What is the remainder when 9 is divided by (x - -10) + (0 - 1)?
4
Suppose -3*a - 17 + 20 = 0. Let o(t) = 92*t**2 - t. What is the remainder when o(a) is divided by 23?
22
Suppose g - 1 = 17. What is the remainder when 34 is divided by g?
16
Suppose -72 = -6*v + 114. What is the remainder when v is divided by 8?
7
Suppose 0 = 4*m + m - 85. Let p(t) = 16*t + 2. Calculate the remainder when p(3) is divided by m.
16
Calculate the remainder when (-1 + (-20)/(-16))*20 is divided by 4.
1
Let l = 312 - 218. What is the remainder when l is divided by 32?
30
Suppose 4*r - 49 = 39. What is the remainder when 85 is divided by r?
19
Let q(c) = 17*c - 3. Let v be q(4). Suppose -o - v = -6*o. Calculate the remainder when 62 is divided by o.
10
Let z be 1/3 + 325/15. Suppose -6 = -4*s + z. Calculate the remainder when s is divided by 2.
1
Let h = -5 - -7. Suppose 4*t = h*v + 14, -4*v + 13 = 5*t - 2*v. Suppose t*s = -s + 12. What is the remainder when 4 is divided by s?
1
Suppose 97 = -5*f - 73. Let v = f + 48. Suppose 574 = 23*m - 9*m. Calculate the remainder when m is divided by v.
13
Suppose 0 = -4*f + 5*f - 4*y - 9, -2*f - 4*y = -42. Calculate the remainder when f is divided by 4.
1
Suppose 3*u - m - 128 = 3*m, -u + 46 = 2*m. What is the remainder when u is divided by 16?
12
Suppose -4*n = -2*q + 48, -5*q + 132 = -0*q + 2*n. What is the remainder when 74 is divided by q?
22
Suppose 4*n + n - 56 = -2*p, -3*n + 4*p = -18. Suppose 41 - 2 = f. What is the remainder when f is divided by n?
9
Suppose -3*g - 3*q = -33, 2*g + 3*q - 34 = -2*q. Suppose g = -4*m + 3, 2*m + 28 = 2*t. What is the remainder when 23 is divided by t?
10
Let o(q) = -2*q - 2. Suppose -3*j + 1 = -x, -6*x + 3*x = 4*j - 10. What is the remainder when o(-2) is divided by x?
0
Suppose -74 = -4*r + 394. What is the remainder when r is divided by 20?
17
Suppose -5*q - 52 = -9*q. Let r = -11 + q. What is the remainder when 6 is divided by r?
0
Let u = 35 + -27. What is the remainder when 30 is divided by u?
6
Suppose -3*p + 57 = 2*s + s, p + 3 = 0. Suppose -2*f + s = 7*m - 3*m, -5*m = -2*f - 41. Calculate the remainder when m is divided by 4.
3
Suppose 0 = -o + 25 - 6. Let v = 18 - 11. Suppose 0 = -2*n - 4*l + 1 + v, 4*n = -3*l + 31. What is the remainder when o is divided by n?
9
Suppose -2*j + 90 = 3*j. Calculate the remainder when 34 is divided by j.
16
Let l(x) = x**2 - 24*x - 21. What is the remainder when l(26) is divided by 8?
7
Suppose 5*u + 14 + 31 = 0. Calculate the remainder when ((-23)/(-3))/((-3)/u) is divided by 8.
7
What is the remainder when 31 is divided by (515/30 - 1/6) + 0?
14
Let k(b) = b + 17. What is the remainder when 47 is divided by k(7)?
23
Let o(y) = 2*y**2 + 2*y - 1. Let v(f) = -f + 1. Let u be v(-3). Let c = u + -2. What is the remainder when 20 is divided by o(c)?
9
Let y = 6 + -13. Suppose g - 4*b = 32 + 3, 5*g = -5*b + 50. Let v = y + g. What is the remainder when v is divided by 5?
3
Let o(n) = 37*n - 10 - 11 - 31*n. Calculate the remainder when 58 is divided by o(6).
13
Suppose 0 = s - 7*s + 120. Calculate the remainder when s is divided by 7.
6
Let j = 11 - -50. Suppose 63 = p + 2*p. What is the remainder when j is divided by p?
19
Let f = -11 + 33. What is the remainder when 107 is divided by f?
19
Suppose 2*m - 4*m - 12 = 0. What is the remainder when 57/2 + m/12 is divided by 15?
13
Let h(a) = a**3 + 6*a**2 + 4*a - 2. Let d be h(-5). Suppose -4*t = -d*t - 7. What is the remainder when t is divided by 2?
1
Let u = 48 - -23. Calculate the remainder when u is divided by 2/4 + (-564)/(-24).
23
Suppose 17 + 2 = h. Let g = 12 + -8. Suppose 5*w - 4*d - 296 = 0, -d + 180 = 3*w - g*d. What is the remainder when w is divided by h?
18
Let y = 4 + 18. Let c = 2 + -4. Calculate the remainder when 62 is divided by (1 - 0) + y + c.
20
Let p be 1941/15 + (-8)/20. Suppose 4*o = 219 + p. Suppose -a + 4*a - o = 0. Calculate the remainder when a is divided by 8.
5
Let g(q) = -6*q + 1. Let d(o) be the second derivative of -4*o**3/3 + o**2/2 - 4*o. What is the remainder when d(-3) is divided by g(-2)?
12
Let u(h) = -h + 9. Let g be u(7). Suppose -3*m - 2*c = g*c, 3*c - 7 = -4*m. Let t(w) = 2*w**3 + w**2 + w - 1. Calculate the remainder when m is divided by t(1).
1
Let n(a) = 16 + 5*a + 2*a - 2*a - 3*a. What is the remainder when 31 is divided by n(0)?
15
Calculate the remainder when 2/(-8) - (-1025)/20 is divided by 18.
15
Let y = -86 + 138. Suppose 3*s + y = 7*s. What is the remainder when 38 is divided by s?
12
Let l(a) = -3*a - 21. Let p(z) = 141*z**2. Let v be p(1). Suppose 4*o + 160 = 4*d - 0*o, 3*d = -4*o + v. Calculate the remainder when d is divided by l(-12).
13
Suppose 27*u = 22*u + 30. Calculate the remainder when 34 is divided by u.
4
Suppose -b + 2*r - 7*r = 0, 18 = 3*b - 3*r. Suppose -2*h = -3*h - 3*l + b, 29 = h - 5*l. Suppose -3*z + 7*z = 164. What is the remainder when z is divided by h?
13
Let v(j) = 6*j**2 + 3. Let b be v(5). Calculate the remainder when (-23 + 3)*1/(-2) is divided by b/45 - 4/10.
1
Suppose 0*x = -7*x + 1106. Calculate the remainder when x is divided by 40.
38
Suppose -3*p - j = -71, -5*p + 3*j + 86 = -p. Suppose c - 4*m = 4, 2*c - 15 = 3*m - 2. What is the remainder when p is divided by c?
7
Suppose -3*y + 2 - 17 = 0. Let n(x) = x**3 + 6*x**2 - 3*x + 7. What is the remainder when n(y) is divided by 16?
15
Let m(w) = w**3 + 7*w**2 + 3. Let p(y) = -y + 8. Let u be p(13). Let z = -24 + 42. What is the remainder when m(u) is divided by z?
17
Let z(p) = p**3 - 7*p**2 + 8*p - 8. Let g be z(6). Suppose -g*i - 6 - 10 = 0. Let m(s) = -s**3 + 5*s. Calculate the remainder when m(i) is divided by 15.
14
Let 